{"id":3038,"date":"2024-06-30T17:00:06","date_gmt":"2024-06-30T15:00:06","guid":{"rendered":"https:\/\/ewspa.edu.pl\/e-czasopismo\/nr-nr-1-2\/komitet-ds-bezpieczenstwa-zdrowia-jako-unijny-organ-planowania-zapobiegania-powaznym-transgranicznym-zagrozeniom-zdrowia-w-panstwach-unii-europejskiej\/"},"modified":"2024-07-03T20:35:43","modified_gmt":"2024-07-03T18:35:43","slug":"komitet-ds-bezpieczenstwa-zdrowia-jako-unijny-organ-planowania-zapobiegania-powaznym-transgranicznym-zagrozeniom-zdrowia-w-panstwach-unii-europejskiej","status":"publish","type":"e-czasopismo","link":"https:\/\/ewspa.edu.pl\/en\/e-czasopismo\/nr-nr-1-2\/komitet-ds-bezpieczenstwa-zdrowia-jako-unijny-organ-planowania-zapobiegania-powaznym-transgranicznym-zagrozeniom-zdrowia-w-panstwach-unii-europejskiej\/","title":{"rendered":"Health Security Committee as EU Planning Body for Prevention of Serious Cross-Border Health Threats in European Union Countries"},"content":{"rendered":"\n<h3 class=\"wp-block-heading\">Abstract<\/h3>\n\n\n\n<p>The aim of the article is to present the current legal status in the European Union system in the field of responding to serious cross-border health threats. The article focuses on organizational issues, describing the objectives, tasks and compe- tences of the Health Security Committee as a key body in the field of coordination of planning, prevention of serious cross-border threats to health. This body, previously established by the Decision of the European Parliament and of the Council of 22 October 2013 has been substantially reorganized and equipped with additional competences. Its activities have been linked to other European Union institutions, namely the Committee on Serious Cross-border Health Threats, Health Emergency Preparedness and Response Authority, and the Health Crisis Board and the Health Task Force. However, technical issues related to the functioning of reference laboratories and the digital surveillance platform, as well as issues related to creation of national and EU plans for prevention, preparedness and response, were omitted in the document.<\/p>\n\n\n\n<h3 class=\"wp-block-heading\">References<\/h3>\n\n\n\n<ol class=\"wp-block-list\">\n<li>Baumann-Popczyk A., Wirusowe zapalenie w\u0105troby typu E jako zoonoza, \u201ePrzegl\u0105d Epidemiologiczny\u201d, 2011, 65. <a href=\"https:\/\/scholar.google.com\/scholar?as_q=%22Baumann-Popczyk A., Wirusowe zapalenie w\u0105troby typu E jako zoonoza, \u201ePrzegl\u0105d Epidemiologiczny\u201d, 2011, 65.%22\" target=\"_blank\" rel=\"noreferrer noopener\">[Google Scholar]<\/a><\/li>\n\n\n\n<li>Bugajski R., Powa\u017cne transgraniczne zagro\u017cenie zdrowia (projekt UE), LEX\/el2022. <a href=\"https:\/\/scholar.google.com\/scholar?as_q=%22Bugajski R., Powa\u017cne transgraniczne zagro\u017cenie zdrowia (projekt UE), LEX\/el2022.%22\" target=\"_blank\" rel=\"noreferrer noopener\">[Google Scholar]<\/a><\/li>\n\n\n\n<li>D\u0105browska-K\u0142osi\u0144ska P., Stosowanie unijnych przepis\u00f3w o transgranicznych zagro\u017ceniach dla zdrowia a ochrona danych osobowych w UE, \u201ePrzegl\u0105d Prawa i Administracji\u201d, 2016, 107. <a href=\"https:\/\/scholar.google.com\/scholar?as_q=%22D\u0105browska-K\u0142osi\u0144ska P., Stosowanie unijnych przepis\u00f3w o transgranicznych zagro\u017ceniach dla zdrowia a ochrona danych osobowych w UE, \u201ePrzegl\u0105d Prawa i Administracji\u201d, 2016, 107.%22\" target=\"_blank\" rel=\"noreferrer noopener\">[Google Scholar]<\/a><\/li>\n\n\n\n<li>Go\u0142da-Sobczak M., Strategia farmaceutyczna dla Europy \u2013 pok\u0142osie pandemii Sars-CoV-2 [w:] J. Sobczak, A. Rogacka-\u0141ukasik (red.) Wybrane zagadnienia prawa medycznego wobec wyzwa\u0144 pandemii wywo\u0142anej wirusem Sars-CoV-2, Cz\u0119stochowa\u2013Pozna\u0144 2022. <a href=\"https:\/\/scholar.google.com\/scholar?as_q=%22Go\u0142da-Sobczak M., Strategia farmaceutyczna dla Europy \u2013 pok\u0142osie pandemii Sars-CoV-2 [w:] J. Sobczak, A. Rogacka-\u0141ukasik (red.) Wybrane zagadnienia prawa medycznego wobec wyzwa\u0144 pandemii wywo\u0142anej wirusem Sars-CoV-2, Cz\u0119stochowa\u2013Pozna\u0144 2022.%22\" target=\"_blank\" rel=\"noreferrer noopener\">[Google Scholar]<\/a><\/li>\n\n\n\n<li>Lachassinne E., de Pontual L., Caseris M., Lorrot M., Guilluy C., Naud A., Dommergues M.-A., Pinquier D., Wannepain E., Hausherr E., Jung C., Gajdos V., Cohen R., Zahar J.-R., Brichler S., Basmaci R., Boelle P.-Y., Bloch-Queyrat C., Aupiais C., SARS-CoV-2 transmission among children and Staff in daycare centers during a nationwide lockdown in France: a cross-sectional, multicentre, seroprevalence study, \u201eLancet Child Adolesc Health\u201d, 2021, 5. <a href=\"https:\/\/scholar.google.com\/scholar?as_q=%22Lachassinne E., de Pontual L., Caseris M., Lorrot M., Guilluy C., Naud A., Dommergues M.-A., Pinquier D., Wannepain E., Hausherr E., Jung C., Gajdos V., Cohen R., Zahar J.-R., Brichler S., Basmaci R., Boelle P.-Y., Bloch-Queyrat C., Aupiais C., SARS-CoV-2 transmission among children and Staff in daycare centers during a nationwide lockdown in France: a cross-sectional, multicentre, seroprevalence study, \u201eLancet Child Adolesc Health\u201d, 2021, 5.%22\" target=\"_blank\" rel=\"noreferrer noopener\">[Google Scholar]<\/a><\/li>\n\n\n\n<li>Laxminarayan R., Wahl B., Dudala S.R., Gopal K., Mohan Ch., Neelima S., Jawahar Reddy K.S., Radhakrishnan J., Lewnard J.A., Epidemiology and transmission dynamics of COVID-19 in two Indian states, \u201eScience\u201d, 2020, 370. <a href=\"https:\/\/scholar.google.com\/scholar?as_q=%22Laxminarayan R., Wahl B., Dudala S.R., Gopal K., Mohan Ch., Neelima S., Jawahar Reddy K.S., Radhakrishnan J., Lewnard J.A., Epidemiology and transmission dynamics of COVID-19 in two Indian states, \u201eScience\u201d, 2020, 370.%22\" target=\"_blank\" rel=\"noreferrer noopener\">[Google Scholar]<\/a><\/li>\n\n\n\n<li>Lee B., Raszka W.V. Jr. COVID-19 transmission and children: The child is not to blame, \u201ePediatrics\u201d, 2020, 146. <a href=\"https:\/\/scholar.google.com\/scholar?as_q=%22Lee B., Raszka W.V. Jr. COVID-19 transmission and children: The child is not to blame, \u201ePediatrics\u201d, 2020, 146.%22\" target=\"_blank\" rel=\"noreferrer noopener\">[Google Scholar]<\/a><\/li>\n\n\n\n<li>Sobczak J., Zdrowie publiczne a prawa pacjent\u00f3w w transgranicznej opiece zdrowotnej [w:] M. Urbaniak, R. Staszewski (red.) Aktualne problemy przemian systemu ochrony zdrowia w Polsce, Pozna\u0144 2017. <a href=\"https:\/\/scholar.google.com\/scholar?as_q=%22Sobczak J., Zdrowie publiczne a prawa pacjent\u00f3w w transgranicznej opiece zdrowotnej [w:] M. Urbaniak, R. Staszewski (red.) Aktualne problemy przemian systemu ochrony zdrowia w Polsce, Pozna\u0144 2017.%22\" target=\"_blank\" rel=\"noreferrer noopener\">[Google Scholar]<\/a><\/li>\n\n\n\n<li>Sobczak J., Powa\u017cne transgraniczne zagro\u017cenie zdrowia w systemie prawa unijnego [w:] T. Gardocka, A. Fiutak, D. Jagie\u0142\u0142o (red.) Aktualne problemy prawne w psychologii i medycynie, Warszawa 2018. <a href=\"https:\/\/scholar.google.com\/scholar?as_q=%22Sobczak J., Powa\u017cne transgraniczne zagro\u017cenie zdrowia w systemie prawa unijnego [w:] T. Gardocka, A. Fiutak, D. Jagie\u0142\u0142o (red.) Aktualne problemy prawne w psychologii i medycynie, Warszawa 2018.%22\" target=\"_blank\" rel=\"noreferrer noopener\">[Google Scholar]<\/a><\/li>\n\n\n\n<li>Truszczy\u0144ski M., Samorek-Salamonowicz E., Ocena zoonotycznego potencja\u0142u grypy ptak\u00f3w i \u015bwi\u0144 jako \u017ar\u00f3d\u0142a wirus\u00f3w chorobotw\u00f3rczych dla cz\u0142owieka, \u201eNauka\u201d, 2010, 1. <a href=\"https:\/\/scholar.google.com\/scholar?as_q=%22Truszczy\u0144ski M., Samorek-Salamonowicz E., Ocena zoonotycznego potencja\u0142u grypy ptak\u00f3w i \u015bwi\u0144 jako \u017ar\u00f3d\u0142a wirus\u00f3w chorobotw\u00f3rczych dla cz\u0142owieka, \u201eNauka\u201d, 2010, 1.%22\" target=\"_blank\" rel=\"noreferrer noopener\">[Google Scholar]<\/a><\/li>\n<\/ol>\n\n\n\n<h3 class=\"wp-block-heading\">Most read articles by the same author(s)<\/h3>\n\n\n\n<ul class=\"wp-block-list\">\n<li>Jacek Sobczak, Ksenia Kakareko, <a href=\"https:\/\/ewspa.edu.pl\/e-czasopismo\/nr-2-3\/szczegolna-starannosc-dziennikarska\/\">Szczeg\u00f3lna staranno\u015b\u0107 dziennikarska <\/a>, <a href=\"https:\/\/ewspa.edu.pl\/en\/e-czasopismo\/nr-2-3\/\">Europejski Przegl\u0105d Prawa i Stosunk\u00f3w Mi\u0119dzynarodowych: Nr 2-3 (2022)<\/a><\/li>\n<\/ul>\n","protected":false},"featured_media":0,"parent":2797,"menu_order":0,"template":"","categories":[18],"class_list":["post-3038","e-czasopismo","type-e-czasopismo","status-publish","hentry","category-artykul-en"],"acf":[],"_links":{"self":[{"href":"https:\/\/ewspa.edu.pl\/en\/wp-json\/wp\/v2\/e-czasopismo\/3038"}],"collection":[{"href":"https:\/\/ewspa.edu.pl\/en\/wp-json\/wp\/v2\/e-czasopismo"}],"about":[{"href":"https:\/\/ewspa.edu.pl\/en\/wp-json\/wp\/v2\/types\/e-czasopismo"}],"up":[{"embeddable":true,"href":"https:\/\/ewspa.edu.pl\/en\/wp-json\/wp\/v2\/e-czasopismo\/2797"}],"wp:attachment":[{"href":"https:\/\/ewspa.edu.pl\/en\/wp-json\/wp\/v2\/media?parent=3038"}],"wp:term":[{"taxonomy":"category","embeddable":true,"href":"https:\/\/ewspa.edu.pl\/en\/wp-json\/wp\/v2\/categories?post=3038"}],"curies":[{"name":"wp","href":"https:\/\/api.w.org\/{rel}","templated":true}]}}

<h3 class="wp-block-heading">Abstract</h3>



<p>The aim of the article is to present the current legal status in the European Union system in the field of responding to serious cross-border health threats. The article focuses on organizational issues, describing the objectives, tasks and compe- tences of the Health Security Committee as a key body in the field of coordination of planning, prevention of serious cross-border threats to health. This body, previously established by the Decision of the European Parliament and of the Council of 22 October 2013 has been substantially reorganized and equipped with additional competences. Its activities have been linked to other European Union institutions, namely the Committee on Serious Cross-border Health Threats, Health Emergency Preparedness and Response Authority, and the Health Crisis Board and the Health Task Force. However, technical issues related to the functioning of reference laboratories and the digital surveillance platform, as well as issues related to creation of national and EU plans for prevention, preparedness and response, were omitted in the document.</p>



<h3 class="wp-block-heading">References</h3>



<ol class="wp-block-list">
<li>Baumann-Popczyk A., Wirusowe zapalenie wątroby typu E jako zoonoza, „Przegląd Epidemiologiczny”, 2011, 65. <a href="https://scholar.google.com/scholar?as_q=%22Baumann-Popczyk A., Wirusowe zapalenie wątroby typu E jako zoonoza, „Przegląd Epidemiologiczny”, 2011, 65.%22" target="_blank" rel="noreferrer noopener">[Google Scholar]</a></li>



<li>Bugajski R., Poważne transgraniczne zagrożenie zdrowia (projekt UE), LEX/el2022. <a href="https://scholar.google.com/scholar?as_q=%22Bugajski R., Poważne transgraniczne zagrożenie zdrowia (projekt UE), LEX/el2022.%22" target="_blank" rel="noreferrer noopener">[Google Scholar]</a></li>



<li>Dąbrowska-Kłosińska P., Stosowanie unijnych przepisów o transgranicznych zagrożeniach dla zdrowia a ochrona danych osobowych w UE, „Przegląd Prawa i Administracji”, 2016, 107. <a href="https://scholar.google.com/scholar?as_q=%22Dąbrowska-Kłosińska P., Stosowanie unijnych przepisów o transgranicznych zagrożeniach dla zdrowia a ochrona danych osobowych w UE, „Przegląd Prawa i Administracji”, 2016, 107.%22" target="_blank" rel="noreferrer noopener">[Google Scholar]</a></li>



<li>Gołda-Sobczak M., Strategia farmaceutyczna dla Europy – pokłosie pandemii Sars-CoV-2 [w:] J. Sobczak, A. Rogacka-Łukasik (red.) Wybrane zagadnienia prawa medycznego wobec wyzwań pandemii wywołanej wirusem Sars-CoV-2, Częstochowa–Poznań 2022. <a href="https://scholar.google.com/scholar?as_q=%22Gołda-Sobczak M., Strategia farmaceutyczna dla Europy – pokłosie pandemii Sars-CoV-2 [w:] J. Sobczak, A. Rogacka-Łukasik (red.) Wybrane zagadnienia prawa medycznego wobec wyzwań pandemii wywołanej wirusem Sars-CoV-2, Częstochowa–Poznań 2022.%22" target="_blank" rel="noreferrer noopener">[Google Scholar]</a></li>



<li>Lachassinne E., de Pontual L., Caseris M., Lorrot M., Guilluy C., Naud A., Dommergues M.-A., Pinquier D., Wannepain E., Hausherr E., Jung C., Gajdos V., Cohen R., Zahar J.-R., Brichler S., Basmaci R., Boelle P.-Y., Bloch-Queyrat C., Aupiais C., SARS-CoV-2 transmission among children and Staff in daycare centers during a nationwide lockdown in France: a cross-sectional, multicentre, seroprevalence study, „Lancet Child Adolesc Health”, 2021, 5. <a href="https://scholar.google.com/scholar?as_q=%22Lachassinne E., de Pontual L., Caseris M., Lorrot M., Guilluy C., Naud A., Dommergues M.-A., Pinquier D., Wannepain E., Hausherr E., Jung C., Gajdos V., Cohen R., Zahar J.-R., Brichler S., Basmaci R., Boelle P.-Y., Bloch-Queyrat C., Aupiais C., SARS-CoV-2 transmission among children and Staff in daycare centers during a nationwide lockdown in France: a cross-sectional, multicentre, seroprevalence study, „Lancet Child Adolesc Health”, 2021, 5.%22" target="_blank" rel="noreferrer noopener">[Google Scholar]</a></li>



<li>Laxminarayan R., Wahl B., Dudala S.R., Gopal K., Mohan Ch., Neelima S., Jawahar Reddy K.S., Radhakrishnan J., Lewnard J.A., Epidemiology and transmission dynamics of COVID-19 in two Indian states, „Science”, 2020, 370. <a href="https://scholar.google.com/scholar?as_q=%22Laxminarayan R., Wahl B., Dudala S.R., Gopal K., Mohan Ch., Neelima S., Jawahar Reddy K.S., Radhakrishnan J., Lewnard J.A., Epidemiology and transmission dynamics of COVID-19 in two Indian states, „Science”, 2020, 370.%22" target="_blank" rel="noreferrer noopener">[Google Scholar]</a></li>



<li>Lee B., Raszka W.V. Jr. COVID-19 transmission and children: The child is not to blame, „Pediatrics”, 2020, 146. <a href="https://scholar.google.com/scholar?as_q=%22Lee B., Raszka W.V. Jr. COVID-19 transmission and children: The child is not to blame, „Pediatrics”, 2020, 146.%22" target="_blank" rel="noreferrer noopener">[Google Scholar]</a></li>



<li>Sobczak J., Zdrowie publiczne a prawa pacjentów w transgranicznej opiece zdrowotnej [w:] M. Urbaniak, R. Staszewski (red.) Aktualne problemy przemian systemu ochrony zdrowia w Polsce, Poznań 2017. <a href="https://scholar.google.com/scholar?as_q=%22Sobczak J., Zdrowie publiczne a prawa pacjentów w transgranicznej opiece zdrowotnej [w:] M. Urbaniak, R. Staszewski (red.) Aktualne problemy przemian systemu ochrony zdrowia w Polsce, Poznań 2017.%22" target="_blank" rel="noreferrer noopener">[Google Scholar]</a></li>



<li>Sobczak J., Poważne transgraniczne zagrożenie zdrowia w systemie prawa unijnego [w:] T. Gardocka, A. Fiutak, D. Jagiełło (red.) Aktualne problemy prawne w psychologii i medycynie, Warszawa 2018. <a href="https://scholar.google.com/scholar?as_q=%22Sobczak J., Poważne transgraniczne zagrożenie zdrowia w systemie prawa unijnego [w:] T. Gardocka, A. Fiutak, D. Jagiełło (red.) Aktualne problemy prawne w psychologii i medycynie, Warszawa 2018.%22" target="_blank" rel="noreferrer noopener">[Google Scholar]</a></li>



<li>Truszczyński M., Samorek-Salamonowicz E., Ocena zoonotycznego potencjału grypy ptaków i świń jako źródła wirusów chorobotwórczych dla człowieka, „Nauka”, 2010, 1. <a href="https://scholar.google.com/scholar?as_q=%22Truszczyński M., Samorek-Salamonowicz E., Ocena zoonotycznego potencjału grypy ptaków i świń jako źródła wirusów chorobotwórczych dla człowieka, „Nauka”, 2010, 1.%22" target="_blank" rel="noreferrer noopener">[Google Scholar]</a></li>
</ol>



<h3 class="wp-block-heading">Most read articles by the same author(s)</h3>



<ul class="wp-block-list">
<li>Jacek Sobczak, Ksenia Kakareko, <a href="https://ewspa.edu.pl/e-czasopismo/nr-2-3/szczegolna-starannosc-dziennikarska/">Szczególna staranność dziennikarska </a>, <a href="https://ewspa.edu.pl/en/e-czasopismo/nr-2-3/">Europejski Przegląd Prawa i Stosunków Międzynarodowych: Nr 2-3 (2022)</a></li>
</ul>
