{"id":2969,"date":"2024-06-30T17:07:09","date_gmt":"2024-06-30T15:07:09","guid":{"rendered":"https:\/\/ewspa.edu.pl\/e-czasopismo\/nr-3\/odszkodowania-niemieckie-za-druga-wojneswiatowa-pomijany-argument\/"},"modified":"2024-07-03T18:49:21","modified_gmt":"2024-07-03T16:49:21","slug":"odszkodowania-niemieckie-za-druga-wojneswiatowa-pomijany-argument","status":"publish","type":"e-czasopismo","link":"https:\/\/ewspa.edu.pl\/en\/e-czasopismo\/nr-3\/odszkodowania-niemieckie-za-druga-wojneswiatowa-pomijany-argument\/","title":{"rendered":"German Reparations for World War II \u2013 an Overlooked Argument"},"content":{"rendered":"\n<h3 class=\"wp-block-heading\">Abstract<\/h3>\n\n\n\n<p>Statements issued on the occasion of the signing of the 2+4 Treaty committed Germany to regulating the payment of benefits to individual war victims in bilateral interstate agreements. The September 1990 agreement between the U.S., Britain and France and West Germany upheld provisions that Germany could not make any claims for lost (confiscated) property \u2013 including that seized by Poland in the socalled western and northern territories; in the Unification Treaty (1990) Germany renounced territorial claims against other states and pledged not to make them in the future. To date, no German-Polish agreement on these issues has emerged. There is also no information about initiatives on the Polish side containing a draft of such an act. This inaction is surprising. Analyses of the right to compensation, reparations, etc. from the Germans overlook the fact that it was only in 1955 that<br>Poland formally declared that it was not at war with Germany. Formally, therefore, all actions of the Polish side against Germany up to that time would have to be judged as having been undertaken in a state of war \u2013 which cannot but affect their evaluation. The attitude of the Germans to the issue of compensatory liability for war losses caused by their conduct may also have a historical-psychological source.<br>As it seems, the historical genotype of Germans has not been purged of elements of tribal (cultural) superiority to \u201ceastern societies\u201d. The notion that Poland\u2019s war damage has already been accounted for is firmly rooted in the German consciousness<br>and has been passed down from generation to generation. It can be combated not only with precise calculations, but also with arguments demonstrating the difference in categories: \u201cterritorial conquests\u201d, \u201cwar reparations\u201d, \u201ccompensations\u201d and<br>\u201credress\u201d. This is well reflected in the words of the former Polish ambassador in Berlin: \u201cThe main problem in our relations, in my opinion, is a kind of sense of superiority of the Germans towards the Poles. It has been building up for a long time, culminating probably in the time of Bismarck and it is still present in various forms\u201d.<\/p>\n\n\n\n<h3 class=\"wp-block-heading\">References<\/h3>\n\n\n\n<ol class=\"wp-block-list\">\n<li>Akt symboliczny \u015bwiadczenia z Niemiec dla ofiar zbrodni nazistowskich w Polsce. Formu\u0142a \u201epragmatyczna\u201d w \u015bwietle porozumie\u0144 z lat 1991 i 2000. Wyb\u00f3r dokument\u00f3w, Wyd. Centrum Studi\u00f3w Niemieckich i Europejskich im. Willy\u2019ego Brandta Uniwersytetu Wroc\u0142awskiego, Wroc\u0142aw 2022. <a href=\"https:\/\/scholar.google.com\/scholar?as_q=%22Akt symboliczny \u015bwiadczenia z Niemiec dla ofiar zbrodni nazistowskich w Polsce. Formu\u0142a \u201epragmatyczna\u201d w \u015bwietle porozumie\u0144 z lat 1991 i 2000. Wyb\u00f3r dokument\u00f3w, Wyd. Centrum Studi\u00f3w Niemieckich i Europejskich im. Willy\u2019ego Brandta Uniwersytetu Wroc\u0142awskiego, Wroc\u0142aw 2022.%22\" target=\"_blank\" rel=\"noreferrer noopener\">[Google Scholar]<\/a><\/li>\n\n\n\n<li>Arendarska J., \u0141ada-Konefa\u0142 A., Senthardt B., S\u0105siedztwo w ramach. Polacy i Niemcy o sobie nawzajem w przekazie prasowym, Instytut Spraw Publicznych, Warszawa 2022. <a href=\"https:\/\/scholar.google.com\/scholar?as_q=%22Arendarska J., \u0141ada-Konefa\u0142 A., Senthardt B., S\u0105siedztwo w ramach. Polacy i Niemcy o sobie nawzajem w przekazie prasowym, Instytut Spraw Publicznych, Warszawa 2022.%22\" target=\"_blank\" rel=\"noreferrer noopener\">[Google Scholar]<\/a><\/li>\n\n\n\n<li>Bachmann K., Warum Polens Reparationsforderungen die Grenze von Polen in frage stellen, \u201eBerliner Zeitung\u201d z 2 sierpnia 2022. <a href=\"https:\/\/scholar.google.com\/scholar?as_q=%22Bachmann K., Warum Polens Reparationsforderungen die Grenze von Polen in frage stellen, \u201eBerliner Zeitung\u201d z 2 sierpnia 2022.%22\" target=\"_blank\" rel=\"noreferrer noopener\">[Google Scholar]<\/a><\/li>\n\n\n\n<li>Barcz J., Kranz J., Reparacje od Niemiec po II wojnie \u015bwiatowej w \u015bwietle prawa mi\u0119dzynarodowego. Aspekty prawa i praktyka, Elipsa, Warszawa 2019. <a href=\"https:\/\/scholar.google.com\/scholar?as_q=%22Barcz J., Kranz J., Reparacje od Niemiec po II wojnie \u015bwiatowej w \u015bwietle prawa mi\u0119dzynarodowego. Aspekty prawa i praktyka, Elipsa, Warszawa 2019.%22\" target=\"_blank\" rel=\"noreferrer noopener\">[Google Scholar]<\/a><\/li>\n\n\n\n<li>Kershaw I., Do piek\u0142a i z powrotem. Europa 1914\u20131949, wyd. Znak, Krak\u00f3w 2016. <a href=\"https:\/\/scholar.google.com\/scholar?as_q=%22Kershaw I., Do piek\u0142a i z powrotem. Europa 1914\u20131949, wyd. Znak, Krak\u00f3w 2016.%22\" target=\"_blank\" rel=\"noreferrer noopener\">[Google Scholar]<\/a><\/li>\n\n\n\n<li>Muszy\u0144ski M., Skuteczno\u015b\u0107 o\u015bwiadczenia rz\u0105du PRL z 23 sierpnia 1953 r. w sprawie zrzeczenia si\u0119 reparacji: rozwa\u017cania w \u015bwietle prawa mi\u0119dzynarodowego, \u201eKwartalnik Prawa Publicznego\u201d 2004, 3. <a href=\"https:\/\/scholar.google.com\/scholar?as_q=%22Muszy\u0144ski M., Skuteczno\u015b\u0107 o\u015bwiadczenia rz\u0105du PRL z 23 sierpnia 1953 r. w sprawie zrzeczenia si\u0119 reparacji: rozwa\u017cania w \u015bwietle prawa mi\u0119dzynarodowego, \u201eKwartalnik Prawa Publicznego\u201d 2004, 3.%22\" target=\"_blank\" rel=\"noreferrer noopener\">[Google Scholar]<\/a><\/li>\n\n\n\n<li>Puhl J., 6 220 000 000 000 zloty Schulden \u2013 Warum es bei den polnischen Reparations &#8211; forderungen wirklich geht, \u201eDer Spiegel\u201d z 1 wrze\u015bnia 2022. <a href=\"https:\/\/scholar.google.com\/scholar?as_q=%22Puhl J., 6 220 000 000 000 zloty Schulden \u2013 Warum es bei den polnischen Reparations - forderungen wirklich geht, \u201eDer Spiegel\u201d z 1 wrze\u015bnia 2022.%22\" target=\"_blank\" rel=\"noreferrer noopener\">[Google Scholar]<\/a><\/li>\n\n\n\n<li>Putzke H., Morber G., Powiernictwo pruskie \u2013 problem legalno\u015bci dzia\u0142ania, \u201eRuch Prawniczy, Ekonomiczny i Socjologiczny\u201d 2008, 1. <a href=\"https:\/\/scholar.google.com\/scholar?as_q=%22Putzke H., Morber G., Powiernictwo pruskie \u2013 problem legalno\u015bci dzia\u0142ania, \u201eRuch Prawniczy, Ekonomiczny i Socjologiczny\u201d 2008, 1.%22\" target=\"_blank\" rel=\"noreferrer noopener\">[Google Scholar]<\/a><\/li>\n\n\n\n<li>Rak K., Niemiecki kompleks Polak\u00f3w, \u201eRzeczypospolita\u201d z 26 sierpnia 2015. <a href=\"https:\/\/scholar.google.com\/scholar?as_q=%22Rak K., Niemiecki kompleks Polak\u00f3w, \u201eRzeczypospolita\u201d z 26 sierpnia 2015.%22\" target=\"_blank\" rel=\"noreferrer noopener\">[Google Scholar]<\/a><\/li>\n\n\n\n<li>Reparation f\u00fcr Polen \u2013 dann geh\u00f6ren auch die Ostgebiete auf dem Tisch, Merkur de, 30 August 2019. <a href=\"https:\/\/scholar.google.com\/scholar?as_q=%22Reparation f\u00fcr Polen \u2013 dann geh\u00f6ren auch die Ostgebiete auf dem Tisch, Merkur de, 30 August 2019.%22\" target=\"_blank\" rel=\"noreferrer noopener\">[Google Scholar]<\/a><\/li>\n\n\n\n<li>R\u00f6dder A., Geschichte der Deutschen Wiedervereinigung, C.H. Beck, M\u00fcnchen 2011. <a href=\"https:\/\/scholar.google.com\/scholar?as_q=%22R\u00f6dder A., Geschichte der Deutschen Wiedervereinigung, C.H. Beck, M\u00fcnchen 2011.%22\" target=\"_blank\" rel=\"noreferrer noopener\">[Google Scholar]<\/a><\/li>\n\n\n\n<li>Roth K.H, R\u00fcbner H., Reparationsschuld, Hypotheken der deutschen Basatzung-sherrschaft in Griechenland und Europa, Metropol 2017; t\u0142um. pol. Wyparte \u2013 odroczone \u2013 odrzucone. Niemiecki d\u0142ug reparacyjny wobec Polski i Europy, Pozna\u0144, <a href=\"https:\/\/scholar.google.com\/scholar?as_q=%22Roth K.H, R\u00fcbner H., Reparationsschuld, Hypotheken der deutschen Basatzung-sherrschaft in Griechenland und Europa, Metropol 2017; t\u0142um. pol. Wyparte \u2013 odroczone \u2013 odrzucone. Niemiecki d\u0142ug reparacyjny wobec Polski i Europy, Pozna\u0144,%22\" target=\"_blank\" rel=\"noreferrer noopener\">[Google Scholar]<\/a><\/li>\n\n\n\n<li>, wcze\u015bniejsze wydanie \u2013 Wyd. Instytutu Zachodniego, Pozna\u0144 2020. <a href=\"https:\/\/scholar.google.com\/scholar?as_q=%22, wcze\u015bniejsze wydanie \u2013 Wyd. Instytutu Zachodniego, Pozna\u0144 2020.%22\" target=\"_blank\" rel=\"noreferrer noopener\">[Google Scholar]<\/a><\/li>\n\n\n\n<li>Ruchniewicz K., Polskie zabiegi o odszkodowania niemieckie 1944\/45\u20131975, Wroc\u0142aw 2007. <a href=\"https:\/\/scholar.google.com\/scholar?as_q=%22Ruchniewicz K., Polskie zabiegi o odszkodowania niemieckie 1944\/45\u20131975, Wroc\u0142aw 2007.%22\" target=\"_blank\" rel=\"noreferrer noopener\">[Google Scholar]<\/a><\/li>\n\n\n\n<li>Sandorski J., Niewa\u017cno\u015b\u0107 zrzeczenia si\u0119 przez Polsk\u0119 reparacji wojennych a niemieckie roszczenia odszkodowawcze, \u201eRuch Prawniczy, Ekonomiczny i Socjologiczny\u201d 2004, 3. <a href=\"https:\/\/scholar.google.com\/scholar?as_q=%22Sandorski J., Niewa\u017cno\u015b\u0107 zrzeczenia si\u0119 przez Polsk\u0119 reparacji wojennych a niemieckie roszczenia odszkodowawcze, \u201eRuch Prawniczy, Ekonomiczny i Socjologiczny\u201d 2004, 3.%22\" target=\"_blank\" rel=\"noreferrer noopener\">[Google Scholar]<\/a><\/li>\n\n\n\n<li>Sok\u00f3\u0142 A., Polsko-niemiecka wsp\u00f3\u0142praca kulturalna, programy i instytucje, http\/\/bibliotekanauki.pl. <a href=\"https:\/\/scholar.google.com\/scholar?as_q=%22Sok\u00f3\u0142 A., Polsko-niemiecka wsp\u00f3\u0142praca kulturalna, programy i instytucje, http\/\/bibliotekanauki.pl.%22\" target=\"_blank\" rel=\"noreferrer noopener\">[Google Scholar]<\/a><\/li>\n\n\n\n<li>Sowi\u0144ski R., Zado\u015b\u0107uczynienie za krzywdy niemieckie drugiej wojny \u015bwiatowej z perspektywy etyki chrze\u015bcija\u0144skiej, EPPiSM, specjalne wydanie pokonferencyjne (w przygotowaniu). <a href=\"https:\/\/scholar.google.com\/scholar?as_q=%22Sowi\u0144ski R., Zado\u015b\u0107uczynienie za krzywdy niemieckie drugiej wojny \u015bwiatowej z perspektywy etyki chrze\u015bcija\u0144skiej, EPPiSM, specjalne wydanie pokonferencyjne (w przygotowaniu).%22\" target=\"_blank\" rel=\"noreferrer noopener\">[Google Scholar]<\/a><\/li>\n\n\n\n<li>Stolarczyk M., Reparacje wojenne dla Polski od Niemiec w latach 1945\u20132020, \u201eKrakowskie Studia Mi\u0119dzynarodowe\u201d 2020, 2. <a href=\"https:\/\/scholar.google.com\/scholar?as_q=%22Stolarczyk M., Reparacje wojenne dla Polski od Niemiec w latach 1945\u20132020, \u201eKrakowskie Studia Mi\u0119dzynarodowe\u201d 2020, 2.%22\" target=\"_blank\" rel=\"noreferrer noopener\">[Google Scholar]<\/a><\/li>\n\n\n\n<li>The National Archives Churchill and Stalin Documents from the British Archives, 1943, no 48 Record of conversation at Soviet Embassy, The Teheran, 1 December 1943\u2013 On the future of Poland. <a href=\"https:\/\/scholar.google.com\/scholar?as_q=%22The National Archives Churchill and Stalin Documents from the British Archives, 1943, no 48 Record of conversation at Soviet Embassy, The Teheran, 1 December 1943\u2013 On the future of Poland.%22\" target=\"_blank\" rel=\"noreferrer noopener\">[Google Scholar]<\/a><\/li>\n\n\n\n<li>Urban T., Auf Konfrontationskurs, Cicero Online z 2 sierpnia 2022. <a href=\"https:\/\/scholar.google.com\/scholar?as_q=%22Urban T., Auf Konfrontationskurs, Cicero Online z 2 sierpnia 2022.%22\" target=\"_blank\" rel=\"noreferrer noopener\">[Google Scholar]<\/a><\/li>\n\n\n\n<li>Warum Deutschland Polen keine Reparationen schuldet, \u201eDie Welt\u201d z 3 sierpnia 2017. <a href=\"https:\/\/scholar.google.com\/scholar?as_q=%22Warum Deutschland Polen keine Reparationen schuldet, \u201eDie Welt\u201d z 3 sierpnia 2017.%22\" target=\"_blank\" rel=\"noreferrer noopener\">[Google Scholar]<\/a><\/li>\n\n\n\n<li>Wojtaszyn D., Podw\u00f3jnie oszukani, \u201ePrzegl\u0105d Historyczny\u201d 2008, 1, 99. <a href=\"https:\/\/scholar.google.com\/scholar?as_q=%22Wojtaszyn D., Podw\u00f3jnie oszukani, \u201ePrzegl\u0105d Historyczny\u201d 2008, 1, 99.%22\" target=\"_blank\" rel=\"noreferrer noopener\">[Google Scholar]<\/a><\/li>\n<\/ol>\n","protected":false},"featured_media":0,"parent":2795,"menu_order":0,"template":"","categories":[18],"class_list":["post-2969","e-czasopismo","type-e-czasopismo","status-publish","hentry","category-artykul-en"],"acf":[],"_links":{"self":[{"href":"https:\/\/ewspa.edu.pl\/en\/wp-json\/wp\/v2\/e-czasopismo\/2969"}],"collection":[{"href":"https:\/\/ewspa.edu.pl\/en\/wp-json\/wp\/v2\/e-czasopismo"}],"about":[{"href":"https:\/\/ewspa.edu.pl\/en\/wp-json\/wp\/v2\/types\/e-czasopismo"}],"up":[{"embeddable":true,"href":"https:\/\/ewspa.edu.pl\/en\/wp-json\/wp\/v2\/e-czasopismo\/2795"}],"wp:attachment":[{"href":"https:\/\/ewspa.edu.pl\/en\/wp-json\/wp\/v2\/media?parent=2969"}],"wp:term":[{"taxonomy":"category","embeddable":true,"href":"https:\/\/ewspa.edu.pl\/en\/wp-json\/wp\/v2\/categories?post=2969"}],"curies":[{"name":"wp","href":"https:\/\/api.w.org\/{rel}","templated":true}]}}

<h3 class="wp-block-heading">Abstract</h3>



<p>Statements issued on the occasion of the signing of the 2+4 Treaty committed Germany to regulating the payment of benefits to individual war victims in bilateral interstate agreements. The September 1990 agreement between the U.S., Britain and France and West Germany upheld provisions that Germany could not make any claims for lost (confiscated) property – including that seized by Poland in the socalled western and northern territories; in the Unification Treaty (1990) Germany renounced territorial claims against other states and pledged not to make them in the future. To date, no German-Polish agreement on these issues has emerged. There is also no information about initiatives on the Polish side containing a draft of such an act. This inaction is surprising. Analyses of the right to compensation, reparations, etc. from the Germans overlook the fact that it was only in 1955 that<br>Poland formally declared that it was not at war with Germany. Formally, therefore, all actions of the Polish side against Germany up to that time would have to be judged as having been undertaken in a state of war – which cannot but affect their evaluation. The attitude of the Germans to the issue of compensatory liability for war losses caused by their conduct may also have a historical-psychological source.<br>As it seems, the historical genotype of Germans has not been purged of elements of tribal (cultural) superiority to “eastern societies”. The notion that Poland’s war damage has already been accounted for is firmly rooted in the German consciousness<br>and has been passed down from generation to generation. It can be combated not only with precise calculations, but also with arguments demonstrating the difference in categories: “territorial conquests”, “war reparations”, “compensations” and<br>“redress”. This is well reflected in the words of the former Polish ambassador in Berlin: “The main problem in our relations, in my opinion, is a kind of sense of superiority of the Germans towards the Poles. It has been building up for a long time, culminating probably in the time of Bismarck and it is still present in various forms”.</p>



<h3 class="wp-block-heading">References</h3>



<ol class="wp-block-list">
<li>Akt symboliczny świadczenia z Niemiec dla ofiar zbrodni nazistowskich w Polsce. Formuła „pragmatyczna” w świetle porozumień z lat 1991 i 2000. Wybór dokumentów, Wyd. Centrum Studiów Niemieckich i Europejskich im. Willy’ego Brandta Uniwersytetu Wrocławskiego, Wrocław 2022. <a href="https://scholar.google.com/scholar?as_q=%22Akt symboliczny świadczenia z Niemiec dla ofiar zbrodni nazistowskich w Polsce. Formuła „pragmatyczna” w świetle porozumień z lat 1991 i 2000. Wybór dokumentów, Wyd. Centrum Studiów Niemieckich i Europejskich im. Willy’ego Brandta Uniwersytetu Wrocławskiego, Wrocław 2022.%22" target="_blank" rel="noreferrer noopener">[Google Scholar]</a></li>



<li>Arendarska J., Łada-Konefał A., Senthardt B., Sąsiedztwo w ramach. Polacy i Niemcy o sobie nawzajem w przekazie prasowym, Instytut Spraw Publicznych, Warszawa 2022. <a href="https://scholar.google.com/scholar?as_q=%22Arendarska J., Łada-Konefał A., Senthardt B., Sąsiedztwo w ramach. Polacy i Niemcy o sobie nawzajem w przekazie prasowym, Instytut Spraw Publicznych, Warszawa 2022.%22" target="_blank" rel="noreferrer noopener">[Google Scholar]</a></li>



<li>Bachmann K., Warum Polens Reparationsforderungen die Grenze von Polen in frage stellen, „Berliner Zeitung” z 2 sierpnia 2022. <a href="https://scholar.google.com/scholar?as_q=%22Bachmann K., Warum Polens Reparationsforderungen die Grenze von Polen in frage stellen, „Berliner Zeitung” z 2 sierpnia 2022.%22" target="_blank" rel="noreferrer noopener">[Google Scholar]</a></li>



<li>Barcz J., Kranz J., Reparacje od Niemiec po II wojnie światowej w świetle prawa międzynarodowego. Aspekty prawa i praktyka, Elipsa, Warszawa 2019. <a href="https://scholar.google.com/scholar?as_q=%22Barcz J., Kranz J., Reparacje od Niemiec po II wojnie światowej w świetle prawa międzynarodowego. Aspekty prawa i praktyka, Elipsa, Warszawa 2019.%22" target="_blank" rel="noreferrer noopener">[Google Scholar]</a></li>



<li>Kershaw I., Do piekła i z powrotem. Europa 1914–1949, wyd. Znak, Kraków 2016. <a href="https://scholar.google.com/scholar?as_q=%22Kershaw I., Do piekła i z powrotem. Europa 1914–1949, wyd. Znak, Kraków 2016.%22" target="_blank" rel="noreferrer noopener">[Google Scholar]</a></li>



<li>Muszyński M., Skuteczność oświadczenia rządu PRL z 23 sierpnia 1953 r. w sprawie zrzeczenia się reparacji: rozważania w świetle prawa międzynarodowego, „Kwartalnik Prawa Publicznego” 2004, 3. <a href="https://scholar.google.com/scholar?as_q=%22Muszyński M., Skuteczność oświadczenia rządu PRL z 23 sierpnia 1953 r. w sprawie zrzeczenia się reparacji: rozważania w świetle prawa międzynarodowego, „Kwartalnik Prawa Publicznego” 2004, 3.%22" target="_blank" rel="noreferrer noopener">[Google Scholar]</a></li>



<li>Puhl J., 6 220 000 000 000 zloty Schulden – Warum es bei den polnischen Reparations &#8211; forderungen wirklich geht, „Der Spiegel” z 1 września 2022. <a href="https://scholar.google.com/scholar?as_q=%22Puhl J., 6 220 000 000 000 zloty Schulden – Warum es bei den polnischen Reparations - forderungen wirklich geht, „Der Spiegel” z 1 września 2022.%22" target="_blank" rel="noreferrer noopener">[Google Scholar]</a></li>



<li>Putzke H., Morber G., Powiernictwo pruskie – problem legalności działania, „Ruch Prawniczy, Ekonomiczny i Socjologiczny” 2008, 1. <a href="https://scholar.google.com/scholar?as_q=%22Putzke H., Morber G., Powiernictwo pruskie – problem legalności działania, „Ruch Prawniczy, Ekonomiczny i Socjologiczny” 2008, 1.%22" target="_blank" rel="noreferrer noopener">[Google Scholar]</a></li>



<li>Rak K., Niemiecki kompleks Polaków, „Rzeczypospolita” z 26 sierpnia 2015. <a href="https://scholar.google.com/scholar?as_q=%22Rak K., Niemiecki kompleks Polaków, „Rzeczypospolita” z 26 sierpnia 2015.%22" target="_blank" rel="noreferrer noopener">[Google Scholar]</a></li>



<li>Reparation für Polen – dann gehören auch die Ostgebiete auf dem Tisch, Merkur de, 30 August 2019. <a href="https://scholar.google.com/scholar?as_q=%22Reparation für Polen – dann gehören auch die Ostgebiete auf dem Tisch, Merkur de, 30 August 2019.%22" target="_blank" rel="noreferrer noopener">[Google Scholar]</a></li>



<li>Rödder A., Geschichte der Deutschen Wiedervereinigung, C.H. Beck, München 2011. <a href="https://scholar.google.com/scholar?as_q=%22Rödder A., Geschichte der Deutschen Wiedervereinigung, C.H. Beck, München 2011.%22" target="_blank" rel="noreferrer noopener">[Google Scholar]</a></li>



<li>Roth K.H, Rübner H., Reparationsschuld, Hypotheken der deutschen Basatzung-sherrschaft in Griechenland und Europa, Metropol 2017; tłum. pol. Wyparte – odroczone – odrzucone. Niemiecki dług reparacyjny wobec Polski i Europy, Poznań, <a href="https://scholar.google.com/scholar?as_q=%22Roth K.H, Rübner H., Reparationsschuld, Hypotheken der deutschen Basatzung-sherrschaft in Griechenland und Europa, Metropol 2017; tłum. pol. Wyparte – odroczone – odrzucone. Niemiecki dług reparacyjny wobec Polski i Europy, Poznań,%22" target="_blank" rel="noreferrer noopener">[Google Scholar]</a></li>



<li>, wcześniejsze wydanie – Wyd. Instytutu Zachodniego, Poznań 2020. <a href="https://scholar.google.com/scholar?as_q=%22, wcześniejsze wydanie – Wyd. Instytutu Zachodniego, Poznań 2020.%22" target="_blank" rel="noreferrer noopener">[Google Scholar]</a></li>



<li>Ruchniewicz K., Polskie zabiegi o odszkodowania niemieckie 1944/45–1975, Wrocław 2007. <a href="https://scholar.google.com/scholar?as_q=%22Ruchniewicz K., Polskie zabiegi o odszkodowania niemieckie 1944/45–1975, Wrocław 2007.%22" target="_blank" rel="noreferrer noopener">[Google Scholar]</a></li>



<li>Sandorski J., Nieważność zrzeczenia się przez Polskę reparacji wojennych a niemieckie roszczenia odszkodowawcze, „Ruch Prawniczy, Ekonomiczny i Socjologiczny” 2004, 3. <a href="https://scholar.google.com/scholar?as_q=%22Sandorski J., Nieważność zrzeczenia się przez Polskę reparacji wojennych a niemieckie roszczenia odszkodowawcze, „Ruch Prawniczy, Ekonomiczny i Socjologiczny” 2004, 3.%22" target="_blank" rel="noreferrer noopener">[Google Scholar]</a></li>



<li>Sokół A., Polsko-niemiecka współpraca kulturalna, programy i instytucje, http//bibliotekanauki.pl. <a href="https://scholar.google.com/scholar?as_q=%22Sokół A., Polsko-niemiecka współpraca kulturalna, programy i instytucje, http//bibliotekanauki.pl.%22" target="_blank" rel="noreferrer noopener">[Google Scholar]</a></li>



<li>Sowiński R., Zadośćuczynienie za krzywdy niemieckie drugiej wojny światowej z perspektywy etyki chrześcijańskiej, EPPiSM, specjalne wydanie pokonferencyjne (w przygotowaniu). <a href="https://scholar.google.com/scholar?as_q=%22Sowiński R., Zadośćuczynienie za krzywdy niemieckie drugiej wojny światowej z perspektywy etyki chrześcijańskiej, EPPiSM, specjalne wydanie pokonferencyjne (w przygotowaniu).%22" target="_blank" rel="noreferrer noopener">[Google Scholar]</a></li>



<li>Stolarczyk M., Reparacje wojenne dla Polski od Niemiec w latach 1945–2020, „Krakowskie Studia Międzynarodowe” 2020, 2. <a href="https://scholar.google.com/scholar?as_q=%22Stolarczyk M., Reparacje wojenne dla Polski od Niemiec w latach 1945–2020, „Krakowskie Studia Międzynarodowe” 2020, 2.%22" target="_blank" rel="noreferrer noopener">[Google Scholar]</a></li>



<li>The National Archives Churchill and Stalin Documents from the British Archives, 1943, no 48 Record of conversation at Soviet Embassy, The Teheran, 1 December 1943– On the future of Poland. <a href="https://scholar.google.com/scholar?as_q=%22The National Archives Churchill and Stalin Documents from the British Archives, 1943, no 48 Record of conversation at Soviet Embassy, The Teheran, 1 December 1943– On the future of Poland.%22" target="_blank" rel="noreferrer noopener">[Google Scholar]</a></li>



<li>Urban T., Auf Konfrontationskurs, Cicero Online z 2 sierpnia 2022. <a href="https://scholar.google.com/scholar?as_q=%22Urban T., Auf Konfrontationskurs, Cicero Online z 2 sierpnia 2022.%22" target="_blank" rel="noreferrer noopener">[Google Scholar]</a></li>



<li>Warum Deutschland Polen keine Reparationen schuldet, „Die Welt” z 3 sierpnia 2017. <a href="https://scholar.google.com/scholar?as_q=%22Warum Deutschland Polen keine Reparationen schuldet, „Die Welt” z 3 sierpnia 2017.%22" target="_blank" rel="noreferrer noopener">[Google Scholar]</a></li>



<li>Wojtaszyn D., Podwójnie oszukani, „Przegląd Historyczny” 2008, 1, 99. <a href="https://scholar.google.com/scholar?as_q=%22Wojtaszyn D., Podwójnie oszukani, „Przegląd Historyczny” 2008, 1, 99.%22" target="_blank" rel="noreferrer noopener">[Google Scholar]</a></li>
</ol>
