{"id":2864,"date":"2024-06-30T17:15:14","date_gmt":"2024-06-30T15:15:14","guid":{"rendered":"https:\/\/ewspa.edu.pl\/e-czasopismo\/nr-1\/powody-i-konsekwencje-wyodrebnienia-sluzby-zagranicznej-w-polskiej-administracji-publicznej\/"},"modified":"2024-07-03T16:20:46","modified_gmt":"2024-07-03T14:20:46","slug":"powody-i-konsekwencje-wyodrebnienia-sluzby-zagranicznej-w-polskiej-administracji-publicznej","status":"publish","type":"e-czasopismo","link":"https:\/\/ewspa.edu.pl\/en\/e-czasopismo\/nr-1\/powody-i-konsekwencje-wyodrebnienia-sluzby-zagranicznej-w-polskiej-administracji-publicznej\/","title":{"rendered":"Reasons and Consequences of the Separation of the Foreign Service in the Polish Public Administration"},"content":{"rendered":"\n<h3 class=\"wp-block-heading\">Abstract<\/h3>\n\n\n\n<p>The aim of this work is to indicate the place which the Foreign Service occupies in the model of Polish public administration. The first part characterises the public administration, indicating within it the area of tasks performed by the Foreign Service and defines the service in terms of its objects, institutions and subjects. The second part points out the differences of the Foreign Service, in particular from the civil service, in terms of legal authority, structure, subordination, powers and responsibility. The third part at-tempts to indicate the legal, organizational and financial consequences of the separation of the Foreign Service within the public administration.<\/p>\n\n\n\n<h3 class=\"wp-block-heading\">References<\/h3>\n\n\n\n<ol class=\"wp-block-list\">\n<li>B\u0142a\u015b A., Bo\u0107 J., Je\u017cewski J., Administracja publiczna, 2003. <a href=\"https:\/\/scholar.google.com\/scholar?as_q=%22B\u0142a\u015b A., Bo\u0107 J., Je\u017cewski J., Administracja publiczna, 2003.%22\" target=\"_blank\" rel=\"noreferrer noopener\">[Google Scholar]<\/a><\/li>\n\n\n\n<li>Prawo publiczne wobec aktualnych problem\u00f3w spo\u0142ecznych i gospodarczych, red. M. Mr\u00f3wczy\u0144ski, T. Knepka, Bydgoszcz 2020. <a href=\"https:\/\/scholar.google.com\/scholar?as_q=%22Prawo publiczne wobec aktualnych problem\u00f3w spo\u0142ecznych i gospodarczych, red. M. Mr\u00f3wczy\u0144ski, T. Knepka, Bydgoszcz 2020.%22\" target=\"_blank\" rel=\"noreferrer noopener\">[Google Scholar]<\/a><\/li>\n\n\n\n<li>Czarnecki P., Reda-Ciszewska A., Surdykowska B., Zatrudnianie pracownik\u00f3w samorz\u0105dowych, Warszawa 2020. <a href=\"https:\/\/scholar.google.com\/scholar?as_q=%22Czarnecki P., Reda-Ciszewska A., Surdykowska B., Zatrudnianie pracownik\u00f3w samorz\u0105dowych, Warszawa 2020.%22\" target=\"_blank\" rel=\"noreferrer noopener\">[Google Scholar]<\/a><\/li>\n\n\n\n<li>Idee Wac\u0142awa Dawidowicza. Kierunki, inspiracje, krytyka, red. T. B\u0105kowski, M. Bogusz, Gda\u0144sk\u2013Warszawa 2022. <a href=\"https:\/\/scholar.google.com\/scholar?as_q=%22Idee Wac\u0142awa Dawidowicza. Kierunki, inspiracje, krytyka, red. T. B\u0105kowski, M. Bogusz, Gda\u0144sk\u2013Warszawa 2022.%22\" target=\"_blank\" rel=\"noreferrer noopener\">[Google Scholar]<\/a><\/li>\n\n\n\n<li>Jagielski J., R\u0105czka K., Komentarz do ustawy o s\u0142u\u017cbie cywilnej, Warszawa 2001. <a href=\"https:\/\/scholar.google.com\/scholar?as_q=%22Jagielski J., R\u0105czka K., Komentarz do ustawy o s\u0142u\u017cbie cywilnej, Warszawa 2001.%22\" target=\"_blank\" rel=\"noreferrer noopener\">[Google Scholar]<\/a><\/li>\n\n\n\n<li>Kotarbi\u0144ski T., Traktat o dobrej robocie, \u0141\u00f3d\u017a 2019. <a href=\"https:\/\/scholar.google.com\/scholar?as_q=%22Kotarbi\u0144ski T., Traktat o dobrej robocie, \u0141\u00f3d\u017a 2019.%22\" target=\"_blank\" rel=\"noreferrer noopener\">[Google Scholar]<\/a><\/li>\n\n\n\n<li>Leo\u0144ski Z., Nauka administracji, Warszawa\u2013Pozna\u0144 1979. <a href=\"https:\/\/scholar.google.com\/scholar?as_q=%22Leo\u0144ski Z., Nauka administracji, Warszawa\u2013Pozna\u0144 1979.%22\" target=\"_blank\" rel=\"noreferrer noopener\">[Google Scholar]<\/a><\/li>\n\n\n\n<li>Nauka administracji, red. B. Kudrycka, G.B. Peters, P. Suwaj, Warszawa 2009. <a href=\"https:\/\/scholar.google.com\/scholar?as_q=%22Nauka administracji, red. B. Kudrycka, G.B. Peters, P. Suwaj, Warszawa 2009.%22\" target=\"_blank\" rel=\"noreferrer noopener\">[Google Scholar]<\/a><\/li>\n\n\n\n<li>Nauka administracji, red. M. Karpiuk, W. Kitler, Warszawa 2013. <a href=\"https:\/\/scholar.google.com\/scholar?as_q=%22Nauka administracji, red. M. Karpiuk, W. Kitler, Warszawa 2013.%22\" target=\"_blank\" rel=\"noreferrer noopener\">[Google Scholar]<\/a><\/li>\n\n\n\n<li>Prawo urz\u0119dnicze, red. T. Liszcz, Lublin 2005. <a href=\"https:\/\/scholar.google.com\/scholar?as_q=%22Prawo urz\u0119dnicze, red. T. Liszcz, Lublin 2005.%22\" target=\"_blank\" rel=\"noreferrer noopener\">[Google Scholar]<\/a><\/li>\n\n\n\n<li>Rycak M., Rycak A., Stelina J., Ustawa o pracownikach samorz\u0105dowych. Komentarz, Warszawa 2016. <a href=\"https:\/\/scholar.google.com\/scholar?as_q=%22Rycak M., Rycak A., Stelina J., Ustawa o pracownikach samorz\u0105dowych. Komentarz, Warszawa 2016.%22\" target=\"_blank\" rel=\"noreferrer noopener\">[Google Scholar]<\/a><\/li>\n\n\n\n<li>Stelina J., Prawo urz\u0119dnicze, Warszawa 2009. <a href=\"https:\/\/scholar.google.com\/scholar?as_q=%22Stelina J., Prawo urz\u0119dnicze, Warszawa 2009.%22\" target=\"_blank\" rel=\"noreferrer noopener\">[Google Scholar]<\/a><\/li>\n\n\n\n<li>Woodrow Wilson T., The Study of Administration, \u201cPolitical Science Quarterly\u201d 1941, 56 (2). <a href=\"https:\/\/scholar.google.com\/scholar?as_q=%22Woodrow Wilson T., The Study of Administration, \u201cPolitical Science Quarterly\u201d 1941, 56 (2).%22\" target=\"_blank\" rel=\"noreferrer noopener\">[Google Scholar]<\/a><\/li>\n\n\n\n<li>W s\u0142u\u017cbie dobra wsp\u00f3lnego \u2013 ludzie, postawy i kompetencje w administracji publicznej, red. B. Jaworska-D\u0119bska, A. Dobaczewska, Warszawa 2016. <a href=\"https:\/\/scholar.google.com\/scholar?as_q=%22W s\u0142u\u017cbie dobra wsp\u00f3lnego \u2013 ludzie, postawy i kompetencje w administracji publicznej, red. B. Jaworska-D\u0119bska, A. Dobaczewska, Warszawa 2016.%22\" target=\"_blank\" rel=\"noreferrer noopener\">[Google Scholar]<\/a><\/li>\n\n\n\n<li>Zimmermann J., Prawo administracyjne, Warszawa 2010. <a href=\"https:\/\/scholar.google.com\/scholar?as_q=%22Zimmermann J., Prawo administracyjne, Warszawa 2010.%22\" target=\"_blank\" rel=\"noreferrer noopener\">[Google Scholar]<\/a><\/li>\n\n\n\n<li>Polskie przedstawicielstwa na \u015bwiecie: www.gov.pl\/web\/dyplomacja\/polskie-przedstawicielstwa-na-swiecie [dost\u0119p: 11.11.2022]. <a href=\"https:\/\/scholar.google.com\/scholar?as_q=%22Polskie przedstawicielstwa na \u015bwiecie: www.gov.pl\/web\/dyplomacja\/polskie-przedstawicielstwa-na-swiecie [dost\u0119p: 11.11.2022].%22\" target=\"_blank\" rel=\"noreferrer noopener\">[Google Scholar]<\/a><\/li>\n\n\n\n<li>Portal \u201eW gospodarce.pl\u201d: www.wgospodarce.pl\/informacje\/118789-wawrzyk-limit-wydatkow-w-budzecie-msz-wyzszy-w-2023- [dost\u0119p: 11.11.2022]. <a href=\"https:\/\/scholar.google.com\/scholar?as_q=%22Portal \u201eW gospodarce.pl\u201d: www.wgospodarce.pl\/informacje\/118789-wawrzyk-limit-wydatkow-w-budzecie-msz-wyzszy-w-2023- [dost\u0119p: 11.11.2022].%22\" target=\"_blank\" rel=\"noreferrer noopener\">[Google Scholar]<\/a><\/li>\n<\/ol>\n","protected":false},"featured_media":0,"parent":2791,"menu_order":0,"template":"","categories":[18],"class_list":["post-2864","e-czasopismo","type-e-czasopismo","status-publish","hentry","category-artykul-en"],"acf":[],"_links":{"self":[{"href":"https:\/\/ewspa.edu.pl\/en\/wp-json\/wp\/v2\/e-czasopismo\/2864"}],"collection":[{"href":"https:\/\/ewspa.edu.pl\/en\/wp-json\/wp\/v2\/e-czasopismo"}],"about":[{"href":"https:\/\/ewspa.edu.pl\/en\/wp-json\/wp\/v2\/types\/e-czasopismo"}],"up":[{"embeddable":true,"href":"https:\/\/ewspa.edu.pl\/en\/wp-json\/wp\/v2\/e-czasopismo\/2791"}],"wp:attachment":[{"href":"https:\/\/ewspa.edu.pl\/en\/wp-json\/wp\/v2\/media?parent=2864"}],"wp:term":[{"taxonomy":"category","embeddable":true,"href":"https:\/\/ewspa.edu.pl\/en\/wp-json\/wp\/v2\/categories?post=2864"}],"curies":[{"name":"wp","href":"https:\/\/api.w.org\/{rel}","templated":true}]}}

<h3 class="wp-block-heading">Abstract</h3>



<p>The aim of this work is to indicate the place which the Foreign Service occupies in the model of Polish public administration. The first part characterises the public administration, indicating within it the area of tasks performed by the Foreign Service and defines the service in terms of its objects, institutions and subjects. The second part points out the differences of the Foreign Service, in particular from the civil service, in terms of legal authority, structure, subordination, powers and responsibility. The third part at-tempts to indicate the legal, organizational and financial consequences of the separation of the Foreign Service within the public administration.</p>



<h3 class="wp-block-heading">References</h3>



<ol class="wp-block-list">
<li>Błaś A., Boć J., Jeżewski J., Administracja publiczna, 2003. <a href="https://scholar.google.com/scholar?as_q=%22Błaś A., Boć J., Jeżewski J., Administracja publiczna, 2003.%22" target="_blank" rel="noreferrer noopener">[Google Scholar]</a></li>



<li>Prawo publiczne wobec aktualnych problemów społecznych i gospodarczych, red. M. Mrówczyński, T. Knepka, Bydgoszcz 2020. <a href="https://scholar.google.com/scholar?as_q=%22Prawo publiczne wobec aktualnych problemów społecznych i gospodarczych, red. M. Mrówczyński, T. Knepka, Bydgoszcz 2020.%22" target="_blank" rel="noreferrer noopener">[Google Scholar]</a></li>



<li>Czarnecki P., Reda-Ciszewska A., Surdykowska B., Zatrudnianie pracowników samorządowych, Warszawa 2020. <a href="https://scholar.google.com/scholar?as_q=%22Czarnecki P., Reda-Ciszewska A., Surdykowska B., Zatrudnianie pracowników samorządowych, Warszawa 2020.%22" target="_blank" rel="noreferrer noopener">[Google Scholar]</a></li>



<li>Idee Wacława Dawidowicza. Kierunki, inspiracje, krytyka, red. T. Bąkowski, M. Bogusz, Gdańsk–Warszawa 2022. <a href="https://scholar.google.com/scholar?as_q=%22Idee Wacława Dawidowicza. Kierunki, inspiracje, krytyka, red. T. Bąkowski, M. Bogusz, Gdańsk–Warszawa 2022.%22" target="_blank" rel="noreferrer noopener">[Google Scholar]</a></li>



<li>Jagielski J., Rączka K., Komentarz do ustawy o służbie cywilnej, Warszawa 2001. <a href="https://scholar.google.com/scholar?as_q=%22Jagielski J., Rączka K., Komentarz do ustawy o służbie cywilnej, Warszawa 2001.%22" target="_blank" rel="noreferrer noopener">[Google Scholar]</a></li>



<li>Kotarbiński T., Traktat o dobrej robocie, Łódź 2019. <a href="https://scholar.google.com/scholar?as_q=%22Kotarbiński T., Traktat o dobrej robocie, Łódź 2019.%22" target="_blank" rel="noreferrer noopener">[Google Scholar]</a></li>



<li>Leoński Z., Nauka administracji, Warszawa–Poznań 1979. <a href="https://scholar.google.com/scholar?as_q=%22Leoński Z., Nauka administracji, Warszawa–Poznań 1979.%22" target="_blank" rel="noreferrer noopener">[Google Scholar]</a></li>



<li>Nauka administracji, red. B. Kudrycka, G.B. Peters, P. Suwaj, Warszawa 2009. <a href="https://scholar.google.com/scholar?as_q=%22Nauka administracji, red. B. Kudrycka, G.B. Peters, P. Suwaj, Warszawa 2009.%22" target="_blank" rel="noreferrer noopener">[Google Scholar]</a></li>



<li>Nauka administracji, red. M. Karpiuk, W. Kitler, Warszawa 2013. <a href="https://scholar.google.com/scholar?as_q=%22Nauka administracji, red. M. Karpiuk, W. Kitler, Warszawa 2013.%22" target="_blank" rel="noreferrer noopener">[Google Scholar]</a></li>



<li>Prawo urzędnicze, red. T. Liszcz, Lublin 2005. <a href="https://scholar.google.com/scholar?as_q=%22Prawo urzędnicze, red. T. Liszcz, Lublin 2005.%22" target="_blank" rel="noreferrer noopener">[Google Scholar]</a></li>



<li>Rycak M., Rycak A., Stelina J., Ustawa o pracownikach samorządowych. Komentarz, Warszawa 2016. <a href="https://scholar.google.com/scholar?as_q=%22Rycak M., Rycak A., Stelina J., Ustawa o pracownikach samorządowych. Komentarz, Warszawa 2016.%22" target="_blank" rel="noreferrer noopener">[Google Scholar]</a></li>



<li>Stelina J., Prawo urzędnicze, Warszawa 2009. <a href="https://scholar.google.com/scholar?as_q=%22Stelina J., Prawo urzędnicze, Warszawa 2009.%22" target="_blank" rel="noreferrer noopener">[Google Scholar]</a></li>



<li>Woodrow Wilson T., The Study of Administration, “Political Science Quarterly” 1941, 56 (2). <a href="https://scholar.google.com/scholar?as_q=%22Woodrow Wilson T., The Study of Administration, “Political Science Quarterly” 1941, 56 (2).%22" target="_blank" rel="noreferrer noopener">[Google Scholar]</a></li>



<li>W służbie dobra wspólnego – ludzie, postawy i kompetencje w administracji publicznej, red. B. Jaworska-Dębska, A. Dobaczewska, Warszawa 2016. <a href="https://scholar.google.com/scholar?as_q=%22W służbie dobra wspólnego – ludzie, postawy i kompetencje w administracji publicznej, red. B. Jaworska-Dębska, A. Dobaczewska, Warszawa 2016.%22" target="_blank" rel="noreferrer noopener">[Google Scholar]</a></li>



<li>Zimmermann J., Prawo administracyjne, Warszawa 2010. <a href="https://scholar.google.com/scholar?as_q=%22Zimmermann J., Prawo administracyjne, Warszawa 2010.%22" target="_blank" rel="noreferrer noopener">[Google Scholar]</a></li>



<li>Polskie przedstawicielstwa na świecie: www.gov.pl/web/dyplomacja/polskie-przedstawicielstwa-na-swiecie [dostęp: 11.11.2022]. <a href="https://scholar.google.com/scholar?as_q=%22Polskie przedstawicielstwa na świecie: www.gov.pl/web/dyplomacja/polskie-przedstawicielstwa-na-swiecie [dostęp: 11.11.2022].%22" target="_blank" rel="noreferrer noopener">[Google Scholar]</a></li>



<li>Portal „W gospodarce.pl”: www.wgospodarce.pl/informacje/118789-wawrzyk-limit-wydatkow-w-budzecie-msz-wyzszy-w-2023- [dostęp: 11.11.2022]. <a href="https://scholar.google.com/scholar?as_q=%22Portal „W gospodarce.pl”: www.wgospodarce.pl/informacje/118789-wawrzyk-limit-wydatkow-w-budzecie-msz-wyzszy-w-2023- [dostęp: 11.11.2022].%22" target="_blank" rel="noreferrer noopener">[Google Scholar]</a></li>
</ol>
